 -5*n, -4*v - 49*n - 16 = -45*n. Determine i(v).
4
Let r be (2416/240 - 10)/((-4)/(-3)). Let c(w) be the second derivative of 2*w**2 - 2/3*w**3 + 1/4*w**4 - r*w**5 + 25*w + 0. Determine c(3).
-8
Suppose -8 = 4*r - 0. Let x be (0/(-3))/(2/r). Let t(m) = -2244*m + 569*m + 537*m + 0 + 567*m + 1 + 570*m. Calculate t(x).
1
Suppose -1 + 3 = -j, 341 = 3*i + 2*j. Let v(n) = i - 55 - 57 - 6*n + n**2. Determine v(4).
-5
Let p(n) = 4*n - 20. Let t be p(8). Let f(k) = 22 + 147*k + 17*k - 6 - 165*k. What is f(t)?
4
Let l(j) = 0*j**3 + 14*j + 22*j**2 - 35*j**2 + j**3 + 14*j**2. Let v(w) = -3*w**3 - 5*w**2 - 41*w + 1. Let d(b) = 11*l(b) + 4*v(b). Calculate d(-8).
20
Suppose 28*g - 60*g = -408*g + 3008. Let j(o) = -4*o + 38. Determine j(g).
6
Let q(r) = 17*r + 165. Let f be q(-10). Let y(p) = 2*p - 5. Calculate y(f).
-15
Let n(b) be the first derivative of -b**4/8 - 4*b**3/3 - 23*b**2 - 25. Let m(s) be the second derivative of n(s). Determine m(-7).
13
Let d(h) = h**3 - 8*h**2 - h - 3. Suppose -17*m + 24 = -14*m - 3*j, -2*m = 4*j - 4. Suppose 3*i - 22 = b, 5*i - 4*b = m + 26. Give d(i).
-11
Let t(r) = -r**2 + 1. Let l(a) = a**2 - a. Let o(x) = 3*l(x) + 4*t(x). Let v be ((-66)/231)/((-2)/4564). Let c = 649 - v. Determine o(c).
4
Let v(p) = 7*p**2 + 49*p + 12. Suppose 0 = -26*d - 240 + 58. Determine v(d).
12
Let r(k) = k + 2. Let w be (-21)/(-7) - 5/(-1). Suppose 3*s - 37 = -5*f, -5*s - w + 45 = -4*f. Determine r(s).
11
Let i(m) = 3*m + 3. Let g(y) = 4*y + 3. Let d(o) = -2*g(o) + 3*i(o). Let r = 1166 + -1169. Give d(r).
0
Let m(q) be the first derivative of -30*q - 7/20*q**5 - 24 + 0*q**2 + 0*q**4 - 1/6*q**3. Let d(c) be the first derivative of m(c). Give d(-1).
8
Suppose 1711*q - 1712*q + 5*g = 7, 28 = -4*q + 2*g. Let p(k) = -22*k - 158. Determine p(q).
-4
Let t(l) = -6*l**2 + 5*l + 21. Let z(c) = 2*c**2 - 2*c - 8. Let k(d) = -3*t(d) - 8*z(d). Let m be 2/3*(-4 - -1). Give k(m).
7
Suppose -12*c - 312 + 516 - 300 = 0. Let a(z) = -2*z**2 - 23*z - 55. What is a(c)?
1
Let w(c) = -1 + c**3 + 6*c**2 + 6*c + 4 + 3. Let k be 1*-5*((-24)/(-4))/24*4. Calculate w(k).
1
Suppose 0 = -o - 2*k + 50, 5*o = 2*o + 3*k + 123. Suppose -2*c - o = 2*c - 5*g, 11 = -c + g. Let y(l) = -l - 11. Determine y(c).
0
Let r(g) = 10 - 33*g - g**2 - 24*g - 25*g + 81*g - 7 - g**3. Suppose -64 = 3*f + 5*d - 6, 3*f = -d - 38. Let b be (-10)/55 + (-2)/f. Calculate r(b).
3
Let z(m) = -6*m**2 + 4*m + 2. Suppose -40*i + i + 150 = -9*i. What is z(i)?
-128
Let j(l) = -33*l**3 - 22*l**2 + 85*l + 260. Let f(i) = -23*i**3 - 15*i**2 + 57*i + 174. Let t(u) = -10*f(u) + 7*j(u). Calculate t(-3).
-4
Let l(m) be the first derivative of m**7/840 + m**6/360 + m**5/120 + 85*m**3 + 23. Let y(d) be the third derivative of l(d). Determine y(-3).
-21
Let y(h) = 147*h - 156*h + 64 + 17 + 22 - 8. Determine y(11).
-4
Let m be (14/(-21))/((-12)/261)*46. Let r(h) = 333*h + 0*h**2 + 5 + h**2 - m*h + 345*h. Determine r(-10).
-5
Let b(m) be the first derivative of 2*m**3 - m**2/2 - 3*m + 1656. Give b(-2).
23
Let j(g) = 182936*g + 57 + 125 - 182953*g - 39. Calculate j(8).
7
Let f be (-147)/(-18) + -1 + 25/30. Let x(q) = -q**2 + 10*q - 20. Give x(f).
-4
Let a(j) be the first derivative of -j**4/4 + 13*j**3/3 + 13*j**2/2 + 26*j + 210. Let p be a(14). Let r(l) = -2*l**2 + 24*l - 8. What is r(p)?
-8
Let k = 6161 + -6164. Let d(c) = 11 - 5 - 5*c**2 + 2*c - 3*c - c**3 - 3. Give d(k).
-12
Let y(i) = 32*i + 117. Let a be 210/(-9)*(-32)/(-160) + (-4)/(-6). Determine y(a).
-11
Let r(s) be the third derivative of -1/120*s**6 + 14*s**2 + 1/24*s**4 + 1/10*s**5 + 0*s - 4/3*s**3 + 0. Calculate r(6).
-2
Let x = 9 + -15. Let t be (-8)/x*(9 - -30). Let g(k) = t*k + 3*k**2 - 45*k + 1 - 2*k**2. Give g(-5).
-9
Let n(z) = -z**3 - 10*z**2 - 20*z + 10. Let v be n(-7). Let x be v - (12 + -4 + 3). Let o(p) = -8*p**2 + 4 + p**3 - 2*p**3 - 1 + p. Give o(x).
-5
Suppose -65*z = -45*z + 120. Let c(j) be the second derivative of j**3/2 - j**2/2 - 2*j. Determine c(z).
-19
Let x(q) = 423*q - 428. Let d be x(1). Let a(c) = 8*c - 8. Let h(n) = -n + 1. Let g(s) = a(s) + 6*h(s). What is g(d)?
-12
Let i(r) be the first derivative of -r**4/4 - 2*r**3 - r**2/2 + 9*r - 1402. What is i(-5)?
-11
Let b(j) = j**2 + 5*j + 35. Let u be 1/(-70)*10*-7*(1 + -1). Calculate b(u).
35
Let h(g) = 5*g - 2 + 5*g + 3 + 0. Let v be (-8)/1 + 90 + -80. What is h(v)?
21
Let u(y) = 5*y**2 - 153*y + 268. Let v(o) = -o**2 + 38*o - 71. Let s(c) = -4*u(c) - 15*v(c). Give s(8).
9
Let l(s) be the first derivative of 146 + 1/2*s**2 + 10*s + 1/3*s**3. What is l(0)?
10
Suppose -5*b = 5*d + 15, b + 4 = -d - b. Let k(z) = 20*z - 4. Let u(g) = -13*g + 3. Let h(f) = -5*k(f) - 7*u(f). Calculate h(d).
17
Let f(x) = -16*x - 10. Let p(l) = -38*l - 3007. Let z be p(-79). What is f(z)?
70
Let g be 40/(-130)*(-25311)/(-708). Let q(u) = 3*u + 23. Let n = -2 - 5. Let p(h) = -2*h - 15. Let k(c) = n*p(c) - 5*q(c). Give k(g).
1
Let w(x) = 3 + 46 - 69*x + 33*x + 25*x. Calculate w(4).
5
Let f be ((-8)/3 - 0)*54/(-24). Let u(j) = 7*j**3 - 4*j**2 - 8*j + 5. Let m(y) = -17*y**3 + 7*y**2 + 19*y - 11. Let l(b) = 2*m(b) + 5*u(b). Determine l(f).
-9
Let t(l) be the third derivative of 1/15*l**5 + 0*l**4 + 0 + 1/120*l**6 - 4*l + 4*l**2 + 2/3*l**3. Determine t(-4).
4
Let r(h) be the second derivative of 1/4*h**4 - 10*h + 2/15*h**5 - 5*h**2 + 1/120*h**6 - 5/6*h**3 + 0. Let o(u) be the first derivative of r(u). What is o(-7)?
2
Suppose 30 = -g + 4*g. Let z(x) = -51*x**2 - 27*x + 8. Let r(h) = 38*h**2 + 23*h - 9. Let u(w) = 4*r(w) + 3*z(w). Give u(g).
-2
Let f(w) = -w - 3. Let u = -33 - -20. Let s(m) = m**2 + 15*m + 30. Let j be s(u). What is f(j)?
-7
Suppose -509 - 4951 = -15*p. Suppose 358*j = p*j + 54. Let c(u) = -u**3 - 8*u**2 + 10*u + 8. Give c(j).
-1
Suppose 9*v - 112 = -5*v. Suppose 3*x - v - 7 = 5*u, x - 13 = 3*u. Let y(z) = -z**3 - 5*z**2 + 8*z - 5. Calculate y(u).
-17
Suppose -2*i - 30 = -17*i. Let r(s) = -8 - 4*s**2 - s**i + 6*s**2 + 5*s. Calculate r(-7).
6
Let c(m) = -18*m - 10. Let p(b) be the first derivative of -3*b**2 - 3*b + 19. Let o(a) = -5*c(a) + 16*p(a). Let f = -90 + 92. What is o(f)?
-10
Let l = -6 - -5. Let i be (-3 - -4)/(l/4). Let u(m) be the second derivative of m**5/20 + m**4/3 + m**3/2 + m**2 + 792*m. What is u(i)?
-10
Let t(w) = -w + 2. Suppose 9 = -6*b - 75. Calculate t(b).
16
Let o(b) = -5*b - 20 - 22 - b**3 + 52 - 16 + 7*b**2 - 3*b**2. What is o(3)?
-12
Let r(h) = 3*h**3 + 2*h**2 + 3*h + 2. Let m be r(-1). Let x be (4/10)/m - 273/35. Let b(c) = -c**2 - 10*c - 8. Give b(x).
8
Let s be (-9 + 1)*(2 - (7 + -4)). Let z be 62/s - 1 - 3/(-12). Let o(c) = -c**3 + 8*c**2 - 9*c + 9. Give o(z).
-5
Let t(g) = 2*g**3 + 172*g**2 + g + 99. Let q be t(-86). Let k(f) = 13*f - 177. What is k(q)?
-8
Let y be 7/4 + 9/36. Let z(g) = g**2 + 13*g - 4. Let q(x) = -x**2 - 11*x + 4. Let d(t) = 7*q(t) + 6*z(t). Let c be d(y). Let l(a) = 4*a - 1. Determine l(c).
7
Let u(r) = -r + 12. Let h(l) = -l**2 - 7*l + 4. Let f be h(7). Let q be ((-58)/15 - (-2)/(-15)) + f. Let n = q - -103. What is u(n)?
7
Let l(m) = -2. Let f(w) = w + 2. Let k(d) = -5*f(d) - 6*l(d). Suppose 366370*b - 366282*b = -88. Give k(b).
7
Let r(z) be the third derivative of z**6/120 + z**5/60 - z**4/3 - 5*z**3/3 - 750*z**2. Give r(-4).
-26
Let s(k) = -4*k - 37. Suppose -2*j + 39 = 22*v - 19*v, -5*v + 58 = j. Let b(i) = i**2 + 4*i - 174. Let l be b(v). Determine s(l).
-1
Let g(u) = -u - 12. Let a(z) = z + 3. Suppose 15*b - 8*b = -7. Let r(s) = b*g(s) - 6*a(s). Determine r(-5).
19
Suppose -66 = -5*j - 41. Let l(i) = 2 + 0*i**2 - j - 10*i - i**2 + 2*i. Determine l(-6).
9
Suppose 19*q = 48 + 9. Suppose 5 = x - 3*p + p, 0 = -q*x + p + 20. Let g(v) = -v**3 + 8*v**2 - 6*v - 4. Calculate g(x).
3
Let c(a) be the third derivative of -a**5/60 + 7*a**4/24 + a**3/2 - 5*a**2 - 61. Determine c(6).
9
Let p(f) = -f**2 - 16*f - 45. Let s be p(-6). Suppose 231 = -s*i - 6*i. Let d(l) = -l - 14. Determine d(i).
-3
Let z(n) = -8 + 7538*n + 98*n**2 - 7547*n - 24*n**2. Give z(-1).
75
Let n(m) = 3*m**3 - 62*m**2 - 24*m + 19. Suppose -64*k = -1267 - 77. Give n(k).
-44
Let a(c) be the first derivative of 5*c**4/2 + c**2 - c - 56. Let l(g) = -g**3 - 2*g**2 - g - 1. Let i be l(-2). Calculate a(i).
11
Let z be (-1)/(6/42) + 213. Let k(w) = 0 - 207*w + 414*w - 9 - z*w. Calculate k(9)